{"id":3039,"date":"2025-08-20T09:40:29","date_gmt":"2025-08-20T09:40:29","guid":{"rendered":"https:\/\/aladin.comparative.space\/?page_id=3039"},"modified":"2026-01-13T09:47:57","modified_gmt":"2026-01-13T09:47:57","slug":"your-feedback","status":"publish","type":"page","link":"https:\/\/aladin.comparative.space\/?page_id=3039","title":{"rendered":"Your Feedback"},"content":{"rendered":"\n[et_pb_section fb_built=&#8221;1&#8243; theme_builder_area=&#8221;post_content&#8221; _builder_version=&#8221;4.27.4&#8243; _module_preset=&#8221;default&#8221;][et_pb_row _builder_version=&#8221;4.27.4&#8243; _module_preset=&#8221;default&#8221; column_structure=&#8221;1_3,1_3,1_3&#8243; theme_builder_area=&#8221;post_content&#8221; hover_enabled=&#8221;0&#8243; sticky_enabled=&#8221;0&#8243;][et_pb_column _builder_version=&#8221;4.27.4&#8243; _module_preset=&#8221;default&#8221; type=&#8221;1_3&#8243; theme_builder_area=&#8221;post_content&#8221;][et_pb_text _builder_version=&#8221;4.27.4&#8243; _module_preset=&#8221;default&#8221; theme_builder_area=&#8221;post_content&#8221; hover_enabled=&#8221;0&#8243; sticky_enabled=&#8221;0&#8243; custom_margin=&#8221;||75px|||&#8221;]<h2>Give us your feedback!<\/h2>\n<p>&nbsp;<\/p>\n<p>Please take 5 minutes to answer a few questions and help us improve our online handbook.<\/p>[\/et_pb_text][et_pb_button button_text=&#8221;Questionnaire&#8221; _builder_version=&#8221;4.27.4&#8243; _module_preset=&#8221;default&#8221; theme_builder_area=&#8221;post_content&#8221; url_new_window=&#8221;on&#8221; button_url=&#8221;https:\/\/docs.google.com\/forms\/d\/e\/1FAIpQLSelnTjn5wXGSVZojge38bz_BXsNQBPAabfTNXji214SK68hqA\/viewform?usp=header&#8221; hover_enabled=&#8221;0&#8243; sticky_enabled=&#8221;0&#8243; custom_margin=&#8221;|||25%|false|false&#8221;][\/et_pb_button][\/et_pb_column][et_pb_column _builder_version=&#8221;4.27.4&#8243; _module_preset=&#8221;default&#8221; type=&#8221;1_3&#8243; theme_builder_area=&#8221;post_content&#8221;][et_pb_text _builder_version=&#8221;4.27.4&#8243; _module_preset=&#8221;default&#8221; theme_builder_area=&#8221;post_content&#8221; hover_enabled=&#8221;0&#8243; sticky_enabled=&#8221;0&#8243;]<h2>Merci de nous donner votre avis !<\/h2>\n<p>&nbsp;<\/p>\n<p>Veuillez prendre 5 minutes pour r\u00e9pondre \u00e0 quelques questions et nous aider \u00e0 am\u00e9liorer notre manuel en ligne.<\/p>[\/et_pb_text][et_pb_button button_text=&#8221;Questionnaire&#8221; _builder_version=&#8221;4.27.4&#8243; _module_preset=&#8221;default&#8221; theme_builder_area=&#8221;post_content&#8221; hover_enabled=&#8221;0&#8243; sticky_enabled=&#8221;0&#8243; url_new_window=&#8221;on&#8221; button_url=&#8221;https:\/\/docs.google.com\/forms\/d\/e\/1FAIpQLSfQsenqFAHgfvqDn9zNoS-UioYnYHRnN20uqQpGfHLzksxYgQ\/viewform?usp=header&#8221; custom_margin=&#8221;|||25%|false|false&#8221;][\/et_pb_button][\/et_pb_column][et_pb_column _builder_version=&#8221;4.27.4&#8243; _module_preset=&#8221;default&#8221; type=&#8221;1_3&#8243; theme_builder_area=&#8221;post_content&#8221;][et_pb_text _builder_version=&#8221;4.27.4&#8243; _module_preset=&#8221;default&#8221; theme_builder_area=&#8221;post_content&#8221; hover_enabled=&#8221;0&#8243; sticky_enabled=&#8221;0&#8243;]<h2>Bitte geben Sie uns Ihr Feedback!<\/h2>\n<p>&nbsp;<\/p>\n<p>Nehmen Sie sich 5 Minuten Zeit, um ein paar Fragen zu beantworten und uns dabei zu helfen, unser Online-Handbuch zu verbessern.<\/p>[\/et_pb_text][et_pb_button button_text=&#8221;Fragebogen&#8221; _builder_version=&#8221;4.27.4&#8243; _module_preset=&#8221;default&#8221; theme_builder_area=&#8221;post_content&#8221; url_new_window=&#8221;on&#8221; button_url=&#8221;https:\/\/docs.google.com\/forms\/d\/e\/1FAIpQLSf9dVMHMPYw09bNs6qyeZAtpCPvxYmdGPuhOHceA_5WyAiHyA\/viewform?usp=header&#8221; hover_enabled=&#8221;0&#8243; sticky_enabled=&#8221;0&#8243; custom_margin=&#8221;7px|||20%|false|false&#8221;][\/et_pb_button][\/et_pb_column][\/et_pb_row][\/et_pb_section]\n","protected":false},"excerpt":{"rendered":"<p>Give us your feedback! &nbsp; Please take 5 minutes to answer a few questions and help us improve our online handbook.Merci de nous donner votre avis ! &nbsp; Veuillez prendre 5 minutes pour r\u00e9pondre \u00e0 quelques questions et nous aider \u00e0 am\u00e9liorer notre manuel en ligne.Bitte geben Sie uns Ihr Feedback! &nbsp; Nehmen Sie sich [&hellip;]<\/p>\n","protected":false},"author":2,"featured_media":0,"parent":0,"menu_order":0,"comment_status":"closed","ping_status":"closed","template":"","meta":{"_et_pb_use_builder":"on","_et_pb_old_content":"","_et_gb_content_width":"","footnotes":""},"class_list":["post-3039","page","type-page","status-publish","hentry"],"_links":{"self":[{"href":"https:\/\/aladin.comparative.space\/index.php?rest_route=\/wp\/v2\/pages\/3039","targetHints":{"allow":["GET"]}}],"collection":[{"href":"https:\/\/aladin.comparative.space\/index.php?rest_route=\/wp\/v2\/pages"}],"about":[{"href":"https:\/\/aladin.comparative.space\/index.php?rest_route=\/wp\/v2\/types\/page"}],"author":[{"embeddable":true,"href":"https:\/\/aladin.comparative.space\/index.php?rest_route=\/wp\/v2\/users\/2"}],"replies":[{"embeddable":true,"href":"https:\/\/aladin.comparative.space\/index.php?rest_route=%2Fwp%2Fv2%2Fcomments&post=3039"}],"version-history":[{"count":5,"href":"https:\/\/aladin.comparative.space\/index.php?rest_route=\/wp\/v2\/pages\/3039\/revisions"}],"predecessor-version":[{"id":3048,"href":"https:\/\/aladin.comparative.space\/index.php?rest_route=\/wp\/v2\/pages\/3039\/revisions\/3048"}],"wp:attachment":[{"href":"https:\/\/aladin.comparative.space\/index.php?rest_route=%2Fwp%2Fv2%2Fmedia&parent=3039"}],"curies":[{"name":"wp","href":"https:\/\/api.w.org\/{rel}","templated":true}]}}